32. Let h be v(-18). Let r = h + 917. What is the tens digit of r?
5
Let j(o) = 281*o**2 - 435 + 215 + 218 - 4*o. What is the tens digit of j(-1)?
8
Let q = 26 + 89. What is the tens digit of (-1472)/(-2)*(q/20 + -5)?
5
Let l(t) = 10*t**3 + 2*t**2 + 125*t - 40. What is the hundreds digit of l(11)?
8
Suppose -2231*c - 68682 = -2234*c. What is the ten thousands digit of c?
2
Suppose -4*k + 19841 = 2*s - 21927, -5*s = -k - 104387. What is the tens digit of s?
7
Let l(y) = 2*y**2 + 5*y - 6. Let t(r) = -r - 1. Let s(w) = l(w) + 4*t(w). What is the tens digit of s(6)?
6
Suppose -4*i + 3*x = -90 + 9, 47 = 3*i - 5*x. What is the thousands digit of (8 - 2) + 24408/i?
1
Suppose 2222 = i - 3*y - 5301, 9*y = i - 7523. What is the tens digit of i?
2
Let w(t) = t**3 + 6*t**2 - t + 1. Let c(o) = 89*o**3 + 12*o**2 + 1. Let u(m) = c(m) - 2*w(m). Let n be (-2)/(-2 + 0 - 0). What is the units digit of u(n)?
8
Let p(c) = -c**3 + 17*c**2 - 4*c + 685. What is the units digit of p(14)?
7
What is the tens digit of (-3013314)/(-54) - 52/468?
0
What is the units digit of 1*32/48 - (-7054)/3?
2
What is the hundreds digit of (0 - (-2)/(-2))/((-17)/51085)?
0
Suppose 136*z - 124848 = 28*z. What is the thousands digit of z?
1
Let i be (-4)/(-16) + (-236)/(-16). Suppose 0 = 2*g - j - 2159, 0*j = 5*j + i. What is the thousands digit of g?
1
Let h = 6346 + -1714. What is the thousands digit of h?
4
Suppose 28*i + 28202 = 46366 + 51556. What is the hundreds digit of i?
4
What is the units digit of (-85)/(-340) - 57454/(-8)?
2
Let g be 6/15 + (-110)/25 + 56. Let f = g - 13. What is the tens digit of f?
3
Suppose 0 = -22*w - 44 + 132. Suppose 2*i + 3464 = 5*d, 966 + 1104 = 3*d - w*i. What is the hundreds digit of d?
6
Let i = 17262 - -2379. What is the units digit of i?
1
Let u = 32159 + -17389. What is the tens digit of u?
7
Suppose -7*t - 207164 = 10*t - 583255. What is the thousands digit of t?
2
Let w be ((-54)/(-12))/((-2)/(-4)). Suppose -108 = -w*z + 45. What is the tens digit of z?
1
Suppose 0 = 10*a + 5 - 25. What is the thousands digit of (-3 + a + (-291)/9)*-30?
1
Suppose -7*h + 6*h = p - 119, -337 = -3*p + 2*h. Let i = 134 - p. What is the units digit of i?
9
Let j(h) = -2*h**2 + h - 1. Let l be j(1). Let a(b) = -b - 1. Let z be a(l). What is the units digit of (-1 - -124) + z + 2?
6
Let k be ((-2160)/25 - 8)/((-1)/55). Suppose 3428 = 2*m - 5*p, p - 6*p + k = 3*m. What is the tens digit of m?
2
Let z(v) = -v**3 - 2*v**2 + 2. Let j be z(-3). Let f(k) = 26*k + 326. What is the hundreds digit of f(j)?
6
Let x = 1374 + -2264. Let r = 494 + x. What is the hundreds digit of (1 - (-50)/6)*r/(-24)?
1
Let t(v) = -11*v + 27. Let l be t(17). Let n = l + 381. What is the hundreds digit of n?
2
What is the units digit of (3 - (-15)/2)*1262?
1
Let j(m) = 3*m**2 + m + 4. Let r be j(3). Let v be (-118)/(-2)*(-6 + 7/1). Let s = v - r. What is the tens digit of s?
2
Let t = -48063 + 91846. What is the tens digit of t?
8
Suppose 2*x + 5 - 7 = 0. Let w(u) = 6*u - 4. Let h be w(x). Suppose -r - 4 = 3*b, -h*r + 36 - 4 = -4*b. What is the units digit of r?
8
Let d(g) = 15*g**2 - 7*g. Let z be d(-9). Suppose 7*h = -2*h + z. What is the units digit of h?
2
Let s be (-2)/(6/(-15)) - -1931. Suppose -4*m - m + s = 3*b, -2*b + 2*m = -1280. What is the units digit of b?
2
Suppose 2*g - 5*o = 59, -3*g + 78 = -0*g + 3*o. Let t = 23 + 53. Suppose a = 3*j - 41, -3*j + 5*a - g = -t. What is the tens digit of j?
1
Suppose -7 = 2*r + 3. Let x be r*(3/1 - 35/1). Suppose -5*m + 5*g = -610, 4*m = -3*g + 321 + x. What is the hundreds digit of m?
1
Let y = 131 + -127. Suppose 1251 - 3291 = -y*g. What is the tens digit of g?
1
Let s = 15175 + 2085. What is the tens digit of s?
6
Suppose -3*m - 7*m + 3875 = -5575. What is the hundreds digit of m?
9
Suppose 2*f - 4*j = 18862, 147*j + 28244 = 3*f + 148*j. What is the tens digit of f?
1
Suppose 0 = -0*q + 5*q + 4*c - 11, 3*q + c = 8. Suppose -m = -q*x + 3*m + 621, -5*m = -3*x + 621. Let h = -147 + x. What is the units digit of h?
0
Suppose -71 = -2*p + 435. Let t = 76 + p. What is the tens digit of t?
2
Let r = -3380 - -3792. What is the units digit of r?
2
Suppose -k = 4*c - 72870, 552*k = 556*k + 2*c - 291592. What is the hundreds digit of k?
9
Let l(g) = 29*g**3 - g**2 + 5*g - 17. What is the tens digit of l(3)?
7
What is the hundreds digit of -5 - (-15 + (-106977)/13)?
2
Suppose 50 = 4*f + 10. Let s be 292/10 - 1 - (-8)/f. Let k = 48 + s. What is the tens digit of k?
7
Suppose 4 = 14*o - 374. Let r = 35 + -20. Let i = o - r. What is the tens digit of i?
1
Let i be 10/(-25) - (1992/10)/(-3). Suppose 3*c = -2*p + 28, -3*c - 5*p + 31 = 6. Let z = c + i. What is the units digit of z?
6
Let k(q) = 25*q**3 + q**2 - 28*q + 79. What is the units digit of k(3)?
9
Let v be 2/4 + ((-33)/6 - -4). What is the units digit of 6084/27 + v + (-4)/(-6)?
5
Suppose -5*a + 3*i = -260041, -3*a - 91*i = -96*i - 155999. What is the ten thousands digit of a?
5
What is the units digit of 60/200 + 2 + -2 + (-550251)/(-30)?
2
Suppose -7823 = -y - 4286 + 4590. What is the thousands digit of y?
8
Let w(q) = 362*q**2 + 94*q - 573. What is the hundreds digit of w(6)?
0
Let g = 69499 - 46289. What is the ten thousands digit of g?
2
Let w be 4*(-4)/8 - -7. Suppose -w*q = -17 + 17. Suppose q = 5*u + 4*c - 310, 2*u - 106 = 2*c - 0. What is the units digit of u?
8
Suppose -654784 = -80*o + 16*o. What is the tens digit of o?
3
Let p(k) = -k**3 - 9*k**2 + 54*k - 5. Suppose 0 = -5*a - 59 - 21. What is the units digit of p(a)?
3
Let u(r) = r**2 - 2*r + 3. Let z(f) = 9 + 2*f**3 - 10 - f**3 + 3*f**2 + 0*f**3 + 4*f. Let l be z(-2). What is the tens digit of u(l)?
3
Let i(m) = 3*m**3 - m + 2. Let o = -1 + 2. Let v be i(o). Suppose 2*n = v*s - 162, 0 = -3*s + 5*n + 89 + 15. What is the units digit of s?
3
Let w be ((-378)/84)/((-6)/8). What is the units digit of 14/((-56)/(-4212)) - w?
7
Let m = 25 + -34. Let l(k) = -14*k - 6. Let h be l(m). Suppose h = 4*n + n. What is the tens digit of n?
2
Let c(j) = 18 + 37*j + 46*j - 82*j. Let l be c(-9). Suppose 0 = -l*i + 15*i - 246. What is the tens digit of i?
4
What is the thousands digit of -3 - -1 - (-42 - 8463)?
8
Let b(m) = m**2 - 16*m - 14. Let c be b(17). Let y be c/(-3 - -6)*-4. What is the hundreds digit of 0/1 - (-675)/(y - -9)?
1
Suppose -3*x = -0*x - m - 1822, 4 = -4*m. What is the tens digit of x?
0
Let d be 21*((-27)/7 + 3). Let g be ((-37)/(-3))/(d/(-216)). Let c = g - -59. What is the hundreds digit of c?
2
Let y = -34 - -54. Let w be 4 + 2715/y - (-2)/8. Let n = 9 + w. What is the tens digit of n?
4
Let n(q) = 11*q**2 + 81*q - 1199. What is the thousands digit of n(39)?
8
Let j be 9/(-6) + (-30)/(-20). Suppose j = -3*a + h + 208, -5*h + 123 = 2*a - 10. What is the tens digit of a?
6
Let x = 47 - 32. Suppose -1 = -o - x. Let d(r) = -r**3 - 13*r**2 - 2*r - 33. What is the tens digit of d(o)?
9
What is the units digit of (27548/426)/((3/1)/612)?
2
Let f be 2 + 12/1 + -3. Suppose 0 = y + f - 264. Suppose 2*h + 2*h = 5*d + y, 3*d - 76 = -h. What is the tens digit of h?
6
Suppose 29*n = 24*n - 20. What is the tens digit of (1/n)/(2/(-2768))?
4
Let s be 20/(-8)*3*(-7280)/15. Suppose 36*x - s = 29*x. What is the units digit of x?
0
Let q = -13 - -16. Suppose 1120 = q*k - 539. What is the units digit of k?
3
Let w(t) = t**3 - 5*t**2 - 14*t + 10. Let i be w(7). Suppose -15*c = -i*c - 40. What is the tens digit of -12*(-28)/c + 2?
4
Let b be -2*61/4*(-37 - -21). Let a = b - 188. What is the hundreds digit of a?
3
Let u(g) = g**2 + 6*g + 17. Suppose -13*l - 96 = -17*l. Suppose -h = 4*r - r + l, -7 = -2*h + 5*r. What is the units digit of u(h)?
4
Let z(b) = -6*b**3 + 8*b + 19*b**2 + 33 + 5*b**3 - 9. Let y be z(11). Suppose 5*q = 5*f - y, 0*q - 856 = -4*f + 2*q. What is the tens digit of f?
1
Suppose 0 = 5*g + 2*l - 0*l + 218, -5*l = -2*g - 64. What is the tens digit of (g/10 - -1)/((-1)/115)?
6
Suppose -60*l + 63*l = -21. Let k(d) = 5*d**2 + 10*d - 1. What is the units digit of k(l)?
4
Let z = 2540 + -4108. Let v = -1034 - z. Suppose -6*i = -v + 180. What is the tens digit of i?
5
Suppose 220*p = 807928 + 1020052. What is the tens digit of p?
0
Suppose 828 - 810 = 6*v. Suppose v*w = -g + 732, -1562 = -4*g + 3*w + 1381. What is the units digit of g?
5
Let 